ase 6, what is -1200 + -1?
-1201
In base 6, what is -4 + -1430?
-1434
In base 8, what is -416 - 16?
-434
In base 10, what is -195 + 3?
-192
In base 9, what is -4 + -37?
-42
In base 9, what is 0 + -1283?
-1283
In base 8, what is -6303 - -2?
-6301
In base 14, what is 1796 - -3?
1799
In base 11, what is 113 - -43?
156
In base 10, what is 2 - -64?
66
In base 9, what is -3 + -40?
-43
In base 15, what is 7 + -85?
-7d
In base 2, what is 11110 - -101?
100011
In base 12, what is -1299 + -3?
-12a0
In base 9, what is 128 - 6?
122
In base 15, what is -5 + -1d?
-23
In base 7, what is 523 - 3?
520
In base 10, what is 171 + -17?
154
In base 4, what is 121213 - -3?
121222
In base 9, what is 6 - 332?
-325
In base 7, what is -2603 + 1?
-2602
In base 3, what is 200120 + 2?
200122
In base 4, what is -323 + -102?
-1031
In base 4, what is -11 + -20?
-31
In base 5, what is 2031 + 0?
2031
In base 15, what is -10 - -3?
-c
In base 9, what is 5 + 166?
172
In base 10, what is 3 - -6086?
6089
In base 6, what is 0 + 315?
315
In base 7, what is -35 - 2?
-40
In base 2, what is 110100 - -101?
111001
In base 16, what is -5 - -14?
f
In base 11, what is -145 - 0?
-145
In base 8, what is 1333 + -1?
1332
In base 11, what is -8a - -10?
-7a
In base 9, what is -2 - 28?
-31
In base 15, what is -2 - -1c?
1a
In base 2, what is -10 - 1001100101?
-1001100111
In base 6, what is 322 - 5?
313
In base 10, what is -5 - -43?
38
In base 10, what is 124 + -3?
121
In base 2, what is 1011010 + 110?
1100000
In base 9, what is -17 - -12?
-5
In base 15, what is 7 + -4cd?
-4c6
In base 6, what is 0 + 43?
43
In base 3, what is 10 - -2202?
2212
In base 3, what is -2 - -111?
102
In base 4, what is 1203 + -3?
1200
In base 5, what is 223224 - -4?
223233
In base 9, what is 2 - -50?
52
In base 15, what is 1 - -55?
56
In base 2, what is 101 + 11110010?
11110111
In base 5, what is 22 + 21?
43
In base 8, what is 0 + -15?
-15
In base 9, what is -14 - -10?
-4
In base 14, what is -22 - 17?
-39
In base 9, what is 142 - 0?
142
In base 4, what is -32 + -2201?
-2233
In base 10, what is -2 + -308?
-310
In base 2, what is 10001111 - 101?
10001010
In base 5, what is -1 + 111?
110
In base 14, what is 33 + -4?
2d
In base 8, what is 4 + -242?
-236
In base 12, what is 178 - -19?
195
In base 13, what is -193 + -4?
-197
In base 6, what is -5 - 3104?
-3113
In base 2, what is 10 + 101001001?
101001011
In base 2, what is -11100 - -10001101?
1110001
In base 6, what is 1243 - -5?
1252
In base 11, what is 7895 + -3?
7892
In base 4, what is 23 + 3121?
3210
In base 7, what is 1024 - 3?
1021
In base 6, what is 42015 + 0?
42015
In base 6, what is -1053 + 11?
-1042
In base 2, what is -1111101 - -1?
-1111100
In base 3, what is -112221100 - -2?
-112221021
In base 7, what is 4 - 202?
-165
In base 2, what is 1001011 - 11000?
110011
In base 16, what is -3c + c?
-30
In base 12, what is 1 - 0?
1
In base 4, what is -10 + -1003?
-1013
In base 7, what is -16 - -12?
-4
In base 16, what is 7 - -38a?
391
In base 7, what is 1 + 3?
4
In base 13, what is -19 + 153?
137
In base 13, what is -529 + -4?
-530
In base 9, what is 1 + -14?
-13
In base 9, what is -16 - -32?
15
In base 9, what is 105 - 31?
64
In base 15, what is a - 2eb?
-2e1
In base 4, what is 13 + 0?
13
In base 4, what is -30222 + -11?
-30233
In base 9, what is 14 - -103?
117
In base 8, what is -7274 + -1?
-7275
In base 5, what is -10 + -4142?
-4202
In base 10, what is -10 - 137?
-147
In base 5, what is 4 + 2104?
2113
In base 6, what is 5 + -2033?
-2024
In base 4, what is -3013212 - -3?
-3013203
In base 3, what is 1201121 + 12?
1201210
In base 16, what is 5 - 184?
-17f
In base 5, what is 2 + 1020?
1022
In base 14, what is -4 - 22?
-26
In base 13, what is 4c + -5?
47
In base 15, what is 5 + -252?
-24c
In base 2, what is 100000100000 - 100?
100000011100
In base 14, what is 94a + 1?
94b
In base 3, what is -1010 + 21010?
20000
In base 7, what is -425 + -4?
-432
In base 3, what is -111010000 - 12?
-111010012
In base 4, what is -31011 + 11?
-31000
In base 15, what is -9d - 53?
-101
In base 4, what is -22 + 23002?
22320
In base 8, what is -3 - -62?
57
In base 13, what is 0 - -4a9?
4a9
In base 3, what is -210 - 2002?
-2212
In base 6, what is -22 + -402?
-424
In base 7, what is 421 - -5?
426
In base 3, what is 1022011 + -212?
1021022
In base 5, what is -433231 + -10?
-433241
In base 2, what is -1000111 - 0?
-1000111
In base 8, what is -1026 - -3?
-1023
In base 14, what is 5 - 9a?
-95
In base 15, what is -2100 + 0?
-2100
In base 10, what is 172 + -3?
169
In base 15, what is 4 - 89b?
-897
In base 2, what is -11111001 - 11001?
-100010010
In base 14, what is -1c + c?
-10
In base 4, what is -123022 + -10?
-123032
In base 8, what is 147 + 35?
204
In base 5, what is 33044 + -4?
33040
In base 5, what is 4 - 244?
-240
In base 10, what is -4 + -1076?
-1080
In base 14, what is 4 + -bb0?
-baa
In base 16, what is -6f + 1?
-6e
In base 9, what is -4683 + -1?
-4684
In base 12, what is -6 + -5a2?
-5a8
In base 11, what is -4273 - 3?
-4276
In base 16, what is -3 + -993?
-996
In base 10, what is 14 + -23?
-9
In base 12, what is -65 - 0?
-65
In base 13, what is -8a + 1?
-89
In base 4, what is 2 + 1202230?
1202232
In base 11, what is -2 - 18?
-1a
In base 14, what is 70 + -3?
6b
In base 3, what is -10002 + -22?
-10101
In base 11, what is -184 + -4?
-188
In base 6, what is -3 + 15?
12
In base 4, what is -100321 + -11?
-100332
In base 11, what is 24 + -1?
23
In base 14, what is 3 + -cb?
-c8
In base 16, what is 3e7b - -2?
3e7d
In base 4, what is 3 + -1121?
-1112
In base 13, what is -2 - 402?
-404
In base 3, what is 1 + -1211?
-1210
In base 4, what is -130 + 22?
-102
In base 10, what is 429 - 2?
427
In base 15, what is 1609 + 5?
160e
In base 10, what is 134 - -156?
290
In base 13, what is 609 - 4?
605
In base 6, what is 4 - 2223?
-2215
In base 15, what is 4 + -52?
-4d
In base 6, what is 331 + -3?
324
In base 9, what is 5 + -30?
-24
In base 3, what is 122022 - 10?
122012
In base 16, what is -3 - -60?
5d
In base 9, what is 0 - -132?
132
In base 11, what is -15 + a?
-6
In base 15, what is -5a7a - -3?
-5a77
In base 12, what is 6 + 22b7?
2301
In base 7, what is 4 - -1323?
1330
In base 8, what is -51 + -70?
-141
In base 13, what is -6 - 386?
-38c
In base 2, what is -10010 + 11010?
1000
In base 14, what is -2 + 133?
131
In base 13, what is -1 + 16b?
16a
In base 2, what is -10100001001 + 100?
-10100000101
In base 2, what is 1001 - -100?
1101
In base 11, what is 2 + 27a?
281
In base 9, what is -3 + 40?
36
In base 3, what is -221 - 1222?
-2220
In base 12, what is 3 - 957?
-954
In base 7, what is 3461 - 2?
3456
In base 16, what is 2 + -2b?
-29
In base 8, what is 4514 + -5?
4507
In base 15, what is -5d + -1e?
-7c
In base 6, what is 240 + 3?
243
In base 8, what is 11303 + -10?
11273
In base 14, what is -597 - -2?
-595
In base 16, what is 3 - -55d?
560
In base 14, what is 44 - -1?
45
In base 12, what is -3 - b9?
-100
In base 14, what is 0 - -152?
152
In base 15, what is 0 + -d7b?
-d7b
In base 16, what is 4 + -e7?
-e3
In base 6, what is -4 - -11002?
10554
In base 3, what is -12021 + -1201?
-20222
In base 3, what is -1212 - -1022?
-120
In base 12, what is 346 + -4?
342
In base 11, what is -175a + 5?
-1755
In base 7, what is 0 + -14134?
-14134
In base 16, what is 1 + -794?
-793
In base 11, what is 4 - -7a?
83
In base 5, what is 4 + -14?
-10
In base 13, what is 0 - 17b?
-17b
In base 10, what is -52 - -29?
-23
In base 3, what is -2 - -20?
11
In base 6, what is 20 - 10?
10
In base 14, what is -38 + 1b?
-1b
In base 10, what is 628 + -5?
623
In base 9, what is -36 + -1?
-37
In base 8, what is 1452 + -4?
1446
In base 12, what is 35 + -5?
30
In base 15, what is -3351 - -3?
-334d
In base 10, what is 2 + -173?
-171
In base 3, what is 10221 - -2?
11000
In base 4, what is -1011 + -10?
-1021
In base 5, what is -10 - 23012?
-23022
In base 4, what is -12002 + 11?
-11331
In base 16, what is -7 + 8?
1
In base 12, what is -4b - -7?
-44
In base 2, what is 11000 + -10011?
101
In base 15, what is 5 - 655?
-650
In base 10, what is 2 + 1087?
1089
In base 5, what is 24 - -111?
140
In base 6, what is -51 - 2?
-53
In base 4, what is 11 + -30023?
-30012
In base 14, what is -7 - -4?
-3
In base 9, what is 805 + 1?
806
In base 7, what is -14 + 3505?
3461
In base 6, what i